r of y?
True
Suppose 0 = 6*h - 2*h - 8, 5*k + 3*h = 226. Suppose 0 = 2*p - 5*y - k, 0*p = -p + 5*y + 17. Is 27 a factor of p?
True
Suppose 3*g = -282 + 1146. Does 20 divide g?
False
Suppose 0 = 25*s - 591 - 1184. Does 2 divide s?
False
Let w = 1666 + -3129. Is 9 a factor of w/(-21) - 1/(-3)?
False
Let z = 15 - -50. Suppose -4*y + q + 2*q + 78 = 0, 0 = -3*y - q + z. Does 8 divide y?
False
Let s be (1 - 2*70)*-1. Suppose -3*l - s = g - l, 2*l = 5*g + 683. Let r = 234 + g. Is 21 a factor of r?
False
Let b(w) = 56*w + 248. Is b(8) a multiple of 4?
True
Let v(b) = 2*b**2 + 6*b + 40. Does 40 divide v(-13)?
False
Let w = -312 + 561. Is w a multiple of 8?
False
Let j be (-3)/6*-8 + 1. Suppose 870 = j*g - 555. Suppose a + g = 6*a. Is 19 a factor of a?
True
Suppose 7 = 3*f - 4*f. Let k(l) = -7*l - 10. Let u(s) = -28*s - 40. Let z(n) = 9*k(n) - 2*u(n). Does 13 divide z(f)?
True
Let m = 5 + -3. Suppose m*r - 3 = r. Suppose 3*d - 5*b - 240 = -4, b + 232 = r*d. Is d a multiple of 26?
False
Suppose 2*c - 4 = -0. Suppose -3*s = 4*z - 15, z + 25 = 5*s - c*z. Is 2 a factor of s?
False
Let o(p) = -2*p**3 + 2*p**2 - 9*p - 3. Suppose 4*x - 26 + 42 = 0. Is o(x) a multiple of 25?
False
Let u = 2172 - 1316. Does 7 divide u?
False
Let d = -25 + 35. Suppose -d = -2*p - 40. Let b = p + 54. Does 13 divide b?
True
Let c(t) = 4*t + 0*t + 5*t + 30 - 25. Let n be c(3). Suppose n = 2*w + 5*z, -w + 4*z = 3*z - 16. Is 4 a factor of w?
True
Let w = 165 - 93. Does 12 divide w?
True
Suppose 0 = v - 2, 5*c + 3*v + 0*v - 551 = 0. Let h = 159 - c. Does 9 divide h?
False
Suppose 5295 = 4*s - 5*p, -4*p - 20 = -8*p. Is s a multiple of 35?
True
Let g(l) = -l**3 + 5*l**2 - 4*l - 4. Let a be g(4). Let x = a + 10. Let n(r) = -r**2 + 8*r + 1. Is n(x) a multiple of 8?
False
Suppose 3*s - 13 = -1. Let r be 5/(-10) + 266/s. Suppose -2*v + 0*v + r = 0. Is 30 a factor of v?
False
Let v = 39 - 69. Is 266 - (-6)/v*0 a multiple of 59?
False
Let t(s) = s**3 - 8*s**2 - 8*s + 5. Let f be t(9). Suppose 5*w + f = 4, 0 = -l - 5*w + 69. Is 13 a factor of l?
False
Let y(d) = 9*d**2 - 6*d - 171. Does 7 divide y(15)?
True
Let j = -487 - -107. Does 12 divide (j/6)/(2/(-3))?
False
Is 75 a factor of ((-7872)/(-30))/(-5 + 77/15)?
False
Suppose 1037 = 5*t + s, 2*t + 5*s = 578 - 177. Is 13 a factor of t?
True
Suppose -4*x - 4*q - 63 = -699, q = 5*x - 765. Does 77 divide x?
True
Does 12 divide (-4 - (3 - 7)) + 180?
True
Let x = -9 + 9. Suppose 3*s + 30 - 87 = x. Suppose m - s = 2. Is 10 a factor of m?
False
Let y(j) = j**3 - 12*j + 4. Let p(r) = -4*r**2 - 11*r. Let n(d) = -d**2 - 1. Let f(t) = -5*n(t) + p(t). Let w be f(11). Is y(w) a multiple of 23?
True
Suppose 5*g - 2*g + 3493 = 2*z, 0 = 4*z + 3*g - 6995. Is z a multiple of 19?
True
Suppose 2*c - 588 = -2*t - c, 3*t - 5*c = 863. Suppose -1020 + t = -9*s. Does 5 divide s?
False
Let q = 175 - 47. Is 4 a factor of q?
True
Let p = -1026 - -1458. Is 16 a factor of p?
True
Let p = -164 + 275. Let g = p - 55. Is 10 a factor of g?
False
Suppose -3*x - 75 = -3*l + 567, 2*l - 5*x - 425 = 0. Does 29 divide l?
False
Let r(l) = l**2 - 25*l + 85. Let d be r(20). Let z be (0 - (-46 + -1)) + -1. Let c = d + z. Is c a multiple of 11?
False
Let w(p) = 447*p + 10*p**2 - 447*p - 1. Suppose -1 = 3*o - 4. Is w(o) a multiple of 9?
True
Let c = -439 - -959. Is 7 a factor of c?
False
Let i(f) = 12*f**3 + 17*f**2 - 41*f + 16. Is i(5) a multiple of 31?
True
Suppose 5*g - 40 = 10. Suppose 6*j - g*j = -384. Does 16 divide j?
True
Does 40 divide 1/(-3) + (10 - 4056/(-18))?
False
Suppose -6*q + 2 + 16 = 0. Suppose -q - 4 = -p. Is 6 a factor of p?
False
Let v = 14 + 171. Suppose 0 = 5*i - 10, -2*i = -6*w + 3*w + v. Is 9 a factor of w?
True
Let v(g) = -339*g + 12. Let y(i) = i + 1. Let s(o) = v(o) + 2*y(o). Is 13 a factor of s(-1)?
True
Suppose 0 = 15*x - 12*x - 3618. Is 18 a factor of x?
True
Let b(y) = -8*y**3 + y**2 - 1. Let c = -11 + 47. Let k be (-22)/18 - (-8)/c. Is 6 a factor of b(k)?
False
Let q(c) = -25*c + 13. Let y(d) = -26*d + 13. Let w(b) = 4*q(b) - 3*y(b). Does 27 divide w(-8)?
True
Suppose -3*l + 5*d = -28 - 99, -l - 5*d + 9 = 0. Let k = 60 - l. Suppose -3*j + 4*j - k = 5*t, 0 = -4*j - 4*t + 8. Is 3 a factor of j?
True
Suppose 3*s + 0*v + 188 = -v, -2*s + 2*v = 112. Let w = -41 - s. Is 5 a factor of w?
True
Suppose 0 = -5*x, 38 = -2*w + 4*x - 22. Let h = 46 + w. Is 6 a factor of h?
False
Let h(x) = 49*x**2 - 1. Let k be h(1). Let c = k - 33. Suppose 0 = -3*f + 4*u - c + 115, -150 = -4*f + 2*u. Does 20 divide f?
True
Let v = -34 - -37. Suppose 0 = v*y + 4*i - 116, -4*y + 2*i + 134 = -3*i. Is y a multiple of 9?
True
Let g(w) = w**3 + 5*w**2 + 6*w + 5. Let a be g(-3). Suppose -a*v + 4*b + 187 = 0, -5*b + 0*b - 50 = -v. Is v a multiple of 7?
True
Suppose -39*v = -40*v + 8. Suppose 4*c = -v, -2*b = 7*c - 4*c - 296. Does 28 divide b?
False
Does 10 divide (-2)/(-20) - (-207732)/280?
False
Let k(x) be the first derivative of -6*x**2 + 24*x + 2. Does 12 divide k(-4)?
True
Suppose 18*y - 10*y = 32. Suppose -3*n = -0*n - 2*b - 330, -y*b = -4*n + 436. Is n a multiple of 7?
True
Let s = 19 + -16. Suppose 0 = s*h - 44 - 70. Is 16 a factor of h?
False
Suppose 11*n - 7454 + 2438 = 0. Is n a multiple of 19?
True
Let p(y) = -y**2 + y + 8. Let b be p(3). Suppose -b*c - 3*k = -155, c + 5*k + 147 = 3*c. Is c a multiple of 19?
True
Let n(o) = o**2 - 8*o + 7. Let d be n(10). Suppose f = -c - 8 - d, 3*c - f + 93 = 0. Let y = c + 65. Is 11 a factor of y?
True
Let n be (6/(-6))/(1/(-528)). Suppose 3*y + 243 + n = 0. Is 16 a factor of y/(-4) - (-1)/(-4)?
True
Let a(w) be the first derivative of 8*w + 1 - 9/2*w**2. Is 11 a factor of a(-4)?
True
Suppose 18 = -11*o + 14*o. Is o a multiple of 4?
False
Suppose -6*n + 4*n - 4 = 0. Does 11 divide (-504)/(-132) + n/(-11) - -53?
False
Does 9 divide -10 + 2 + 111 + 1?
False
Suppose 2 = 5*l - 3. Let x be (17/34)/(l/148). Suppose 2*f - 3 - 1 = 0, 0 = 5*j - 3*f - x. Is j a multiple of 4?
True
Does 3 divide 5/2*(-246)/(-15)?
False
Let x(z) = 3*z. Let r be x(2). Suppose 3*a = 6*a - 4*l - 10, -3*l + 3 = 3*a. Does 14 divide 83/3 + a/r?
True
Suppose 12 = -4*f - 36. Let m be 7/(-42) - 2/f. Suppose -9 = -c - m*c. Does 9 divide c?
True
Let q = -16 - -18. Let l be 5/(15/q)*54. Let s = l - 12. Does 8 divide s?
True
Let y(a) = 40*a + 8. Is 24 a factor of y(7)?
True
Does 10 divide (-2)/(-1)*900/8 - 5?
True
Let l(t) = -t**2 - 15*t - 9. Let v = -49 - -38. Let m be l(v). Let k = 48 - m. Does 2 divide k?
False
Let g be ((-165)/(-22)*4/(-6))/(-1). Is -2*(g/(40/(-212)) - -1) a multiple of 35?
False
Is 72 a factor of (-1 - 2)*1*(-575 + -1)?
True
Let v(z) = -3*z + 3. Let h be v(1). Suppose -2*l = -h*l - 322. Does 12 divide l?
False
Let s = 39 + -47. Is 4 + (-2012)/s - 1/(-2) a multiple of 32?
True
Is 28390/85 + (-8)/1 a multiple of 12?
False
Let a = 98 - -293. Does 2 divide a?
False
Let x = 893 + -872. Is x a multiple of 8?
False
Suppose 2*m + 4 = 4*m. Let w be 3/6*m - -135. Let u = w - 64. Is 24 a factor of u?
True
Let x(f) = -f**2 + 7*f - 12. Let h be x(5). Let c = 19 + h. Is c a multiple of 4?
False
Let z = 40 + 560. Is 10 a factor of z?
True
Let r(q) = 2*q**3 - 8*q**2 + 2*q + 30. Let w be r(7). Let g = -176 + w. Does 18 divide g?
True
Let g(t) = -43*t + 128. Does 39 divide g(-7)?
True
Suppose 8*r - 10850 = 5166. Is r a multiple of 77?
True
Suppose 1 = -13*b + 599. Is 4 a factor of b?
False
Let o(f) = 15*f - 70. Let q(m) = 5*m - 23. Let p(w) = 3*o(w) - 10*q(w). Let n be p(-14). Let y = 135 - n. Is y a multiple of 11?
False
Let d(p) = p**3 + 5*p**2 + 2*p + 12. Let a be d(-5). Suppose 26 = -4*v + 5*m, -m - 2*m + 14 = -a*v. Is (-7)/((-21)/78) - v a multiple of 10?
True
Suppose 4*v + 20 = 5*k, -k - 2 = 3*v - 6. Suppose k*g = 3*g - m + 30, 30 = g + 5*m. Suppose -4*j - 4*b + g = -22, 0 = -3*j - 4*b + 40. Is j a multiple of 10?
False
Suppose -748 = -5*g - b, -5*g - 3*b = -13 - 731. Suppose -a - x + g = 0, -2*a + 4*x = -x - 307. Is 31 a factor of a?
False
Let y be (-3384)/(-14) - 6/(-21). Suppose -y - 142 = -4*m. Does 16 divide m?
True
Suppose 3*b + 3*a = 6, 3*a + 1 - 7 = 5*b. Suppose 6*c - 64 - 176 = b. Is c a multiple of 8?
True
Let k(m) = -m**3 - 4*m**2 + m + 6. Let x be k(-4). Suppose 4*u + a = 20, 5*u = 7*a - x*a + 25. Suppose -3*t + 7 = -u*o, 4*o + o - 2 = 2*t. Is 4 a factor of t?
Fa